 What is n(0)?
1
Let w(j) = -4*j**2 - 21*j - 1. Let r(a) = 6*a**2 + 32*a + 1. Let q(n) = 5*r(n) + 8*w(n). Suppose 2 = -i + 2*i. Let m be -2*i/8*10. Give q(m).
-13
Suppose -5*k - 2*j + 6*j = 6, -2*k = -5*j - 1. Let l = 2 + k. Suppose -d + l = -1, d = -3*q - 8. Let f(y) = -y - 3. Give f(q).
0
Let s be (-26)/(-6) + 8/12. Let r(y) = y**3 - 5*y**2 - y + 5. What is r(s)?
0
Let p be 2 - (0 - (-3 + 8)). Let t = p - 6. Let y(r) = 3*r**2 - 1. Calculate y(t).
2
Let u(p) = -p**3 + 6*p**2 + 2*p - 5. Let q = -38 + 44. Determine u(q).
7
Let a(o) be the second derivative of o**5/20 - o**4/12 - o**3/2 - 3*o**2/2 - 14*o. Determine a(3).
6
Let x(l) = 7 + l + l**2 + 4 - 7. Suppose -2*y - y = 15. Let v(q) = -q**2 - 5. Let o(g) = y*x(g) - 4*v(g). What is o(-3)?
6
Let j(z) = -3*z + 15. Let k(i) = -2*i + 13. Let b(d) = -6*j(d) + 7*k(d). What is b(2)?
9
Let b(s) = s**2 - 6*s + 2. Let v = -105 + 111. Calculate b(v).
2
Let m(h) = 8*h + 1. Let u(n) = 5*n + 1. Let w(r) = 2*m(r) - 3*u(r). Suppose -4 = -5*s - 3*d - 3, 1 = 2*s + d. Let j be (s - 1)*(-5)/(-1). Calculate w(j).
4
Suppose -3*w - 1 = -4*w. Let q(r) = 2*r**2. Let n be q(w). Let t(h) = 0*h**3 - h**n - h + 0*h**2 - 4 - h**3. Calculate t(0).
-4
Let a(x) be the second derivative of -x**3/6 + 5*x**2/2 - 10*x. Calculate a(4).
1
Let d(g) be the third derivative of g**6/360 - g**5/40 - g**4/6 - g**3/2 + 3*g**2. Let f(m) be the first derivative of d(m). Suppose v - 3*v + 8 = 0. Give f(v).
0
Let o(c) = -c**2 + 6*c + 8. Let v be o(7). Let k(d) = v + 6*d**2 - 8*d - 3 - d**3 + 2*d. What is k(5)?
-7
Let w(v) = -3*v**2 + 13*v + 14. Let q(z) = z**2 - 4*z - 5. Let t(d) = -8*q(d) - 3*w(d). Calculate t(7).
-2
Suppose 7*t = 9 - 23. Let o(k) = k**3 + 2*k**2 + 4*k + 3. What is o(t)?
-5
Let f(w) = w**3 - w - 8. Let z(x) be the third derivative of -x**6/120 - 22*x**2. Let t(j) = -j**2 - 5*j + 6. Let y be t(-6). Let h be z(y). Give f(h).
-8
Suppose 0 = 4*f - 6*k + 2*k, -8 = 3*f + 5*k. Let h(a) = a + 1. Let d(r) = r**3 + r**2. Suppose 5*o = 2*o - 3. Let y(t) = o*h(t) + d(t). What is y(f)?
0
Let y(w) = -2 + 6*w + w**2 + 5 - 3*w. Let n = 540 + -543. What is y(n)?
3
Let v(r) = -7*r**2 + 3*r - 1. Let q(x) = -x**2 - 1. Let b(w) = 6*q(w) - v(w). Give b(5).
5
Let a(b) = -b**2 - 8. Let u(n) = n**2 + 2*n + 1. Let s = 23 - 16. Let j(t) = -t**3 + 6*t**2 + 7*t - 1. Let z be j(s). Let v be u(z). What is a(v)?
-8
Let o(a) be the first derivative of a**5/120 + a**4/6 + a**3/3 + 3. Let g(l) be the third derivative of o(l). Give g(0).
4
Let q = -8 + 15. Let v(a) = a - 11. Give v(q).
-4
Let v(u) be the first derivative of u**5/5 + u**3/6 + u - 1. Let y(c) be the first derivative of v(c). Give y(1).
5
Suppose j = 4*j. Let y(n) = n**3 + n**2 - n + 11. What is y(j)?
11
Let c(j) = -j**3 - 4*j**2 + 6*j + 7. Suppose -2*k = 3*p - 4*p + 7, -3*p + 11 = 4*k. Let i be -2 + (k - 4/2). Give c(i).
2
Suppose -4*c - 5*v + 20 = 0, 3*v - 10 = -2*c + v. Let d(b) be the second derivative of -1/2*b**2 - 2/3*b**3 + 2*b - 1/3*b**4 + 0 + 1/20*b**5. Calculate d(c).
4
Let a(u) = -u**2 + 2*u. Let k(f) = f - 5*f + 2*f. Let i = 2 + -1. Let c be k(i). Determine a(c).
-8
Let d(m) = -485*m + 485*m - 1 + m**2. Calculate d(-3).
8
Let o(n) = n**2 - 6*n + 4. Suppose 8*x - 5*x - 9 = 0. Calculate o(x).
-5
Let i(m) = m**3 - 6*m**2 + 7*m - 2. Suppose -2*s = -5*g + 27, 2*g + 0*g + 4*s = 6. Give i(g).
8
Suppose 0 = -2*j - 3*s - 0*s - 9, -26 = 5*j + 4*s. Let y(t) = t + 12. What is y(j)?
6
Suppose 40*d - 44*d + 16 = 0. Let s(j) = -j**3 + 5*j**2 - 4*j - 2. Calculate s(d).
-2
Let p be 9*(1 + 0) - (4 - 2). Let s(h) = h**3 - 8*h**2 + 7*h - 4. Determine s(p).
-4
Let m(c) be the first derivative of -c - 1. Let y = 0 + -1. Let s(f) = f**2 + 5*f - 1. Let t(q) = y*s(q) + 5*m(q). Determine t(-5).
-4
Suppose c - n + 6 = -0*n, 5*c + n = 0. Let r(k) = 2*k**2 - 6*k**2 + k**2. Give r(c).
-3
Let n(p) = -p**3 + 4*p**2 - p + 4. Suppose -12 = -15*t + 12*t. What is n(t)?
0
Let l(j) = 3*j + 5. Let y = -77 - -74. Determine l(y).
-4
Let s = 29 + -14. Suppose 5*d + 15 = 2*i, 7*i - 5*d - s = 3*i. Let o(n) = -n**3 - n**2 - 1. Determine o(i).
-1
Suppose -11 = -2*r - c, -2*r = c - 4*c + 9. Let x be r/3*(0 - 5). Let o(n) = -n**3 - 6*n**2 - 7*n - 4. Determine o(x).
6
Let f be 3 + 78/(-30) + (-26)/(-10). Let r(z) = -3*z + 2. Determine r(f).
-7
Suppose -2*x + 5*l + 34 - 10 = 0, 4*x + 5*l = -12. Suppose 6 = x*c, 12 = -5*b - 4*c + 3*c. Let v(p) = -5*p - 4. Calculate v(b).
11
Let w(n) be the third derivative of -n**5/60 + n**4/3 - 3*n**3/2 + 9*n**2. What is w(6)?
3
Let q(s) = 5*s**2 - s - 11. Let h(v) = -6*v**2 - 12*v - 20. Let j(m) = m**2 + m + 1. Let y(d) = h(d) + 10*j(d). Let o(w) = -5*q(w) + 6*y(w). Determine o(-4).
7
Suppose -1 - 4 = 5*f. Let m(b) = 3*b**3 - 6*b**2 - b - 1. Let l(p) = p**3 - p**2 - p. Let s(y) = f*m(y) + 2*l(y). Calculate s(4).
-3
Let t = 3 - 2. Let v = t + -1. Let q(g) = g + g**2 + 5*g**2 - 7*g**2. Determine q(v).
0
Let y(m) = m**3 - 4*m**2 + 4*m - 3. Suppose 0*z = -4*z - 20. Let g = -1 - z. Let o be (2/3)/(g/18). What is y(o)?
0
Suppose 0 = -2*z + 1 + 1. Suppose i = 4 - z. Let j(d) = -d - d**2 - d**i + 2*d**2 + 3*d. Determine j(2).
0
Let p(r) = r - 15 + 8 + 11. Let k be p(-7). Let q(m) = 2*m**2 + 2*m + 1. What is q(k)?
13
Let c(w) = -3*w - 1. Let j be (-18)/(-3)*(-1 + 2). Let k be (0 - 2)/(-2) + -6. Let x = k + j. Calculate c(x).
-4
Suppose -2*o - 21 = -5*o. Let b(r) = -1 - 1 - r**2 + o*r - 1. Suppose 0 = -13*g + 6*g + 35. Determine b(g).
7
Let g(w) = -3*w + 1. Suppose 3*d - 15 = -2*d. Let v be ((-9)/3)/d - -1. Let c be 2 - (2 + v + -1). Determine g(c).
-2
Let v be ((-3)/(-2))/((2/(-4))/(-1)). Let x(b) = b**3 - 2*b**2 + 2*b - 2. Calculate x(v).
13
Let t(v) be the third derivative of -v**4/12 + v**3 + 6*v**2. Determine t(7).
-8
Let t = -13 - -7. Let b = t - -4. Let w(c) = -c**2 + 2*c + 3. What is w(b)?
-5
Let m be 14 - 2*(-1)/1. Suppose -2*d = 3*d + 2*q - m, d = -3*q - 2. Let s(r) = -r**3 - 1 + 2 + 0*r**2 - r - d*r**2. What is s(-4)?
5
Suppose 5 - 14 = 5*v + 4*b, -5*b = -5*v - 45. Let j(r) = -r**3 + r**2 + 1. Let c(i) = 7*i**3 + 7*i + 1. Let q(p) = -c(p) - 6*j(p). Give q(v).
3
Let i(c) = c**2 - 1. Let w(f) = f**3 - 3*f**2 - 4*f - 1. Let q be (12/(-18))/(2/(-21)). Let s = -3 + q. Let j be w(s). Calculate i(j).
0
Let h(g) = g**2 - 3*g. Suppose 3*p - 6*p = -6. Suppose 0 = -5*y - p*o + 9, o = -2*y + 2*o + 9. Let u be h(y). Let v(c) = c**3 - c**2 + 1. Determine v(u).
1
Let d(b) = b**2 - 4*b**2 + 4*b**2 - 1. Let v(h) = h**2 - 6*h - 1. Let o be v(6). Let s = 2 + o. What is d(s)?
0
Let g(u) be the third derivative of u**6/120 - u**5/60 - u**4/8 + u**3/2 - 2*u**2. Let b be g(2). Let f(w) = 6*w**2. Determine f(b).
6
Let j(v) = -v**3 - 2*v**2 + 3*v + 4. Let l(p) = 2*p**3 + 3*p**2 - 5*p - 7. Let s(w) = 5*j(w) + 2*l(w). Suppose 20 = i - 5*i. Calculate s(i).
6
Let g = -1 - -2. Let m(h) be the second derivative of h**4/24 - h**2 + 2*h. Let l(k) be the first derivative of m(k). What is l(g)?
1
Let m(z) = z + 1. Let k = -12 - -16. Suppose -5*v - 5 = 0, k*p + 3 = -4*v + 7. Give m(p).
3
Suppose m = -3 - 0. Let s = m + 4. Let f(h) = 8*h. What is f(s)?
8
Let t(r) = 2*r + 4. Let g(c) = -3*c - 8. Let s(b) = -3*g(b) - 5*t(b). Give s(3).
1
Suppose -n - 4*k + 6 + 2 = 0, 4*k = 8. Let a be 1 + 2 - (1 - n). Let d(t) = -4*t. What is d(a)?
-8
Let n(m) = -m**2 - 6*m - 3. Suppose 0 = -s + 4, -5 = 6*w - 3*w + 4*s. Give n(w).
-10
Let t(v) = -v + 3. Let g be t(-3). Suppose x + x - g = 0. Suppose -c - 2*c = -2*j - 3, -x*c + j = -6. Let z(k) = -k**3 + 3*k**2 + 1. What is z(c)?
1
Let d be -1*12/(-2 - -6). Let m(c) = -c**3 + 4*c**2 + 4*c - 1. Let i(p) = -p. Let j(y) = d*i(y) + m(y). Determine j(5).
9
Let i(f) be the first derivative of -f**2/2 + f - 2. What is i(5)?
-4
Let d(n) = n**2 + 1. Let y = 25 - 29. Give d(y).
17
Let r = -7 + 9. Let p(m) = 11*m + 3 - 3*m + 0 + m**r. Calculate p(-5).
-12
Let u(n) = -7*n - 7. Suppose 0*r - 4*r = -96. Let i(y) = -7*y - 35 + r - 4*y. Let k(a) = -5*i(a) + 8*u(a). Determine k(-2).
1
Let b(w) = -w - 6 - 1 + 2. Let t be b(-6). Let n(l) be the first derivative of -4*l**3/3 + l**2/2 + 2. Give n(t).
-3
Let i(c) = -15*c + 3. Let m(x) = 45*x - 8. Let l(y) = -11*i(y) - 4*m(y). Let n(b) = b**2 - 14*b + 1. Let h be n(14). Determine l(h).
-16
Let y(v) = -3*v + 7*v - 2*v + 0 - 3. Calculate y(6).
9
Let v(h) = 4*h - 6*h + 2 +